common divisor of 1383360 and 1648.
16
Calculate the highest common divisor of 1582 and 22429694.
14
What is the highest common factor of 6631928 and 11256?
536
What is the greatest common divisor of 4015325 and 15475?
25
Calculate the highest common divisor of 3061626 and 60.
6
Calculate the highest common divisor of 27251700 and 3864.
84
Calculate the highest common divisor of 106 and 9889111.
53
Calculate the greatest common factor of 439 and 504881608.
439
Calculate the highest common factor of 4991 and 4026311.
713
What is the greatest common factor of 82068 and 61467?
21
Calculate the highest common divisor of 171201 and 446553.
447
Calculate the greatest common divisor of 2922899 and 784.
49
Calculate the greatest common factor of 94908 and 69408.
12
Calculate the highest common divisor of 10216 and 27152.
8
What is the greatest common divisor of 5102 and 1042?
2
What is the highest common divisor of 200 and 302300?
100
Calculate the greatest common factor of 2304920 and 1624.
232
What is the highest common divisor of 1974 and 1614641?
7
Calculate the greatest common factor of 1325974 and 2782.
26
Calculate the highest common factor of 70086 and 906.
6
Calculate the greatest common factor of 5763 and 71529.
339
What is the greatest common factor of 7578 and 2557154?
842
What is the highest common divisor of 144650 and 1766050?
550
What is the highest common factor of 1122028 and 76?
4
Calculate the greatest common divisor of 8 and 38435416.
8
What is the highest common factor of 197 and 2038266?
1
What is the highest common factor of 5 and 9422450?
5
What is the highest common factor of 277 and 753463?
1
What is the highest common factor of 196 and 4386452?
28
What is the greatest common divisor of 913920 and 2859570?
3570
Calculate the greatest common divisor of 271699 and 23.
23
Calculate the greatest common divisor of 239532658 and 6.
2
What is the greatest common divisor of 879264 and 124392?
1704
What is the highest common factor of 5324 and 117040?
44
What is the greatest common factor of 847188 and 7676?
404
Calculate the greatest common divisor of 6129756 and 36.
36
Calculate the highest common divisor of 195004524 and 627.
627
What is the greatest common divisor of 4810512 and 183649?
103
What is the greatest common divisor of 2372967 and 1539?
171
What is the highest common factor of 306 and 171768?
102
Calculate the greatest common factor of 32 and 15429664.
32
Calculate the highest common divisor of 150 and 240819450.
150
What is the highest common factor of 248584 and 4306988?
5404
Calculate the highest common divisor of 269024 and 81668.
4804
What is the highest common factor of 2388 and 1031019?
597
What is the highest common factor of 65 and 3475667?
13
What is the highest common factor of 1177407 and 84798?
63
Calculate the highest common divisor of 59620 and 16616365.
1355
Calculate the greatest common divisor of 93513556 and 357628.
12332
Calculate the highest common factor of 750 and 12112050.
150
Calculate the greatest common divisor of 593990 and 1795.
5
What is the highest common factor of 3438722865 and 15?
15
Calculate the greatest common factor of 11135105 and 1725.
115
What is the greatest common divisor of 5160 and 2725230?
30
What is the greatest common factor of 1126 and 582442642?
1126
Calculate the greatest common divisor of 11 and 145493348.
11
Calculate the highest common factor of 16725 and 1038720.
15
What is the greatest common factor of 307268 and 5837?
13
What is the highest common divisor of 4152089 and 76?
19
What is the highest common divisor of 121443064 and 8?
8
What is the highest common factor of 89035002 and 27146?
3878
Calculate the highest common factor of 76480 and 34000.
80
Calculate the greatest common factor of 31548 and 6503190.
1434
What is the greatest common factor of 548 and 471338636?
548
Calculate the highest common factor of 331 and 4146437.
331
What is the greatest common divisor of 78693 and 16915?
17
What is the greatest common divisor of 18630 and 389390?
230
What is the highest common divisor of 11294828 and 29866?
274
Calculate the highest common divisor of 6975 and 12382299.
279
Calculate the highest common divisor of 1561 and 5022535.
7
What is the highest common factor of 11256 and 5216017?
67
Calculate the greatest common factor of 979292435 and 33.
11
Calculate the highest common factor of 5038 and 99176.
22
What is the greatest common factor of 12 and 14412639?
3
What is the greatest common divisor of 11 and 182924467?
11
Calculate the highest common factor of 27812 and 26996.
68
Calculate the greatest common divisor of 48 and 1115958.
6
Calculate the greatest common divisor of 1903257 and 81.
81
Calculate the highest common factor of 31 and 827752669.
31
Calculate the highest common factor of 20943196 and 3296.
412
Calculate the greatest common divisor of 42330347 and 38.
19
Calculate the greatest common factor of 120 and 2680835.
5
What is the greatest common factor of 652 and 10817006?
326
What is the greatest common divisor of 2317984 and 14484?
68
What is the greatest common factor of 4305086 and 69824?
2182
What is the highest common divisor of 41873385 and 25?
5
Calculate the highest common divisor of 24415 and 358055.
95
What is the highest common divisor of 280623 and 9996?
147
What is the highest common divisor of 1328 and 434864?
16
Calculate the greatest common divisor of 1430 and 27889290.
1430
What is the greatest common divisor of 11398 and 7467914?
278
Calculate the greatest common factor of 136067823 and 459.
27
What is the highest common factor of 18544 and 967024?
304
What is the highest common factor of 6984 and 225?
9
What is the greatest common factor of 16916310 and 3015?
45
What is the greatest common divisor of 2091 and 137396822?
697
Calculate the highest common divisor of 16491244 and 462.
154
What is the highest common divisor of 19957120 and 640?
640
Calculate the highest common divisor of 916168 and 59019959.
10411
What is the highest common factor of 31785 and 5914129?
2119
What is the greatest common factor of 15197 and 261989?
91
What is the highest common divisor of 1748100 and 500?
100
Calculate the greatest common factor of 952028 and 119196.
308
Calculate the highest common factor of 1547 and 260343304.
221
Calculate the highest common factor of 219924 and 37269.
369
What is the highest common divisor of 209680 and 2880?
80
What is the highest common factor of 54525479 and 23?
23
Calculate the highest common divisor of 33820258 and 24417.
2713
Calculate the greatest common divisor of 96257 and 2422.
7
Calculate the greatest common divisor of 1816659 and 288.
9
Calculate the highest common divisor of 232870 and 3587474.
638
Calculate the greatest common factor of 20 and 1621072.
4
Calculate the greatest common divisor of 45522048 and 48.
48
Calculate the highest common divisor of 638715 and 10241.
539
What is the greatest common factor of 242057780 and 21900?
1460
What is the highest common factor of 132894192 and 2256?
2256
Calculate the greatest common divisor of 126873 and 81733.
37
Calculate the highest common factor of 2881 and 2359204.
67
What is the greatest common divisor of 27599 and 138160?
11
What is the highest common divisor of 1077120 and 13920?
480
Calculate the greatest common divisor of 29848 and 541268.
364
What is the greatest common factor of 1712866 and 1435802?
1174
Calculate the greatest common divisor of 377 and 1690481.
13
What is the greatest common factor of 7550711 and 63?
7
Calculate the greatest common factor of 740333 and 20542511.
6919
What is the highest common divisor of 18228 and 443940?
588
Calculate the highest common factor of 19912780 and 1972.
68
Calculate the highest common factor of 26687246 and 85.
17
What is the highest common divisor of 22 and 4462855034?
22
What is the greatest common divisor of 2012357 and 670026?
2279
What is the highest common factor of 452143 and 2245?
449
What is the highest common factor of 72 and 2695272?
24
Calculate the greatest common factor of 19432 and 2902648.
56
Calculate the highest common factor of 1801632 and 1078.
98
Calculate the highest common factor of 15376 and 769792.
496
Calculate the highest common divisor of 448 and 2937410.
14
What is t